*i**2 + 0*i**2 - 3 + 3*i**2. Let w(n) = 2*n**3 - 12*n**2 - 5. Calculate the remainder when w(7) is divided by t(3).
21
Let o = 113 - 146. Let b = 14 - o. Let s(w) = w**2 + w + 25. Calculate the remainder when b is divided by s(0).
22
Suppose -4*m = 20 - 52. Suppose -m*n - 137 = -9*n. Calculate the remainder when n is divided by 28.
25
Suppose 51*r - 31*r - 9540 = 0. Calculate the remainder when r is divided by 13.
9
Suppose -z = -25*z + 8208. What is the remainder when z is divided by 49?
48
Suppose 2*r + 2*r = -3*g + 329, -4*r + 359 = -3*g. Suppose 0 = 5*f - 47 - 68. Let n = -1 + f. What is the remainder when r is divided by n?
20
Let h(u) = -2*u - 13. Let b be h(-9). Suppose b*t - 102 = m - 2*m, 3*m = -5*t + 96. Suppose 7*k - 2*k = 40. Calculate the remainder when t is divided by k.
5
Suppose 972 = 10*u + 62. Let w(i) = -23*i**3. Let s be (-1 - -1) + 0 + -1. What is the remainder when u is divided by w(s)?
22
Let i(n) = -2*n**3 + 23*n**2 - 16*n - 32. What is the remainder when 317 is divided by i(10)?
101
Let m(w) = w**3 - 14*w**2 + 18*w + 14. Let d be m(13). Suppose d = 2*p - 173. What is the remainder when p is divided by 8?
6
Let c(j) = 12*j**2 + j + 1. Let l(f) = 2*f**2 + 51*f - 11. What is the remainder when c(-2) is divided by l(-26)?
2
Suppose 4*r + 3*h = -0*r + 128, -3*h + 23 = r. Calculate the remainder when r is divided by 8.
3
Suppose -5*j + l + 0*l = -700, -2*j + 267 = -3*l. Suppose -j = -8*m + 259. Calculate the remainder when 198 is divided by m.
48
Let w be (-6)/(-9)*33 - 1. Let c = -12 + w. Suppose -2*l + c*l = 77. What is the remainder when 32 is divided by l?
10
Suppose -4*y = 0, k = 2*y + y + 5. Suppose -4*d + 19 = x, k*x + 5*d - 31 - 4 = 0. What is the remainder when x is divided by 1?
0
Let o(n) = -n**3 - 4*n**2 - 3*n - 6. Let v(t) = t**3 - 3*t**2 - 6*t + 3. Let h = 17 - 13. Let y be v(h). Calculate the remainder when o(y) is divided by 18.
16
Let z(a) = -3*a - 3. Calculate the remainder when (-110)/(-17 - (-11 + 4)) is divided by z(-2).
2
What is the remainder when 866 is divided by ((-2)/(-8))/(((-24)/(-352))/3)?
8
Suppose -3 = -2*i + b, 0 = 5*i - b - b - 6. Suppose y - 5*y + 3*a + 712 = i, y = 5*a + 178. Let m = -116 + y. Calculate the remainder when m is divided by 16.
14
Suppose 23 = -2*j + d + 56, 5*d + 25 = 0. Calculate the remainder when 41 is divided by j.
13
Suppose -7*w + 875 = -168. Calculate the remainder when w is divided by 36.
5
Let b = -1241 - -1265. Calculate the remainder when 815 is divided by b.
23
What is the remainder when (98/5)/((-5)/(100/(-8))) is divided by 22?
5
Suppose 0*x + 3*x = -2*o + 16, -x - o + 6 = 0. Suppose -x*p - 50 = -2*n, -2*p = -5*p. What is the remainder when (4 - 3) + 1 + 96 is divided by n?
23
Suppose -2*t + 0*t + 50 = -4*s, 74 = 4*t + 5*s. Suppose -w + t = 6. What is the remainder when 42 is divided by w?
12
Suppose 3*d + 38 = -2*p, -4*p = -4*d + 3*d + 90. Let a = -21 - p. Calculate the remainder when 27 is divided by (7*a)/(-6 + 7).
6
Suppose -53*k + 57*k = 128. What is the remainder when 252 is divided by k?
28
Let d = 30 - 24. Let g(l) = 19*l + 12. Calculate the remainder when g(d) is divided by 43.
40
Suppose 0 = -4*p + 2*b - 334, -3*p - 139 - 116 = 3*b. Let x = p + 107. What is the remainder when x is divided by 13?
10
Let t(x) = -x**3 - 2*x**2 + 8*x + 3. Calculate the remainder when t(-5) is divided by ((-100)/(-30))/((-1)/(-3)).
8
Let l be 24/(-14)*21/(-6). Let j = l + 15. Calculate the remainder when j is divided by 11.
10
Suppose y - 428 = 5*h, -334 = -0*h + 4*h - 5*y. Let k = 925 + -953. Let g = k - h. Calculate the remainder when g is divided by 15.
13
Let z be (-6)/(-5) + -2 + 2/(-10). What is the remainder when -3 - (z*18)/2 is divided by 3?
0
Suppose 98*m - 99*m - 53 = 0. Let y = m + 67. Calculate the remainder when 27 is divided by y.
13
Suppose 0 = -3*y - 18 + 60. Suppose -9*z = -33 - 48. Suppose -2*v = z - 17. Calculate the remainder when y is divided by v.
2
Calculate the remainder when (2 - 1) + (387 + 1 - 3) is divided by 43.
42
Let d be 1 + 49/17 + 4/34. Suppose d*b = -s + 21, 0 = 4*s - 5*s + 5*b + 21. What is the remainder when 80 is divided by s?
17
Suppose 168 - 14 = o + 5*p, 5*o = 5*p + 770. What is the remainder when o is divided by 41?
31
Let n(c) = -3*c - 2 - 2 + 2*c - 6*c. Let a(b) = 3*b - 7. Let x be a(0). What is the remainder when n(x) is divided by 23?
22
Let r = 100 + -55. Let s(z) = 86*z + 188. Calculate the remainder when r is divided by s(-2).
13
Let z = 318 - 201. Calculate the remainder when z is divided by 40.
37
Suppose 4*f - 106 - 94 = 0. Calculate the remainder when 141 is divided by f.
41
Suppose 5*l - 2*a - 6 - 4 = 0, 3*a + 15 = -5*l. Suppose x - 10 + 5 = l. Calculate the remainder when 24 is divided by x.
4
Calculate the remainder when 5 is divided by 4 - 22/10 - 44/55.
0
Suppose -2*o - 85 - 143 = -3*j, 142 = 2*j + 2*o. What is the remainder when 249 is divided by j?
27
Suppose -42*z + 54*z - 1572 = 0. What is the remainder when 260 is divided by z?
129
Let h(x) = -6*x + 1. Let z be h(-4). Let t = -12 + z. What is the remainder when t is divided by (-4)/(-10) + (-66)/(-10)?
6
Suppose 4*b + 2*i - 10 = 0, 0 = 5*b - 3*i + 2 - 9. Suppose f - 15 + 1 = 0. Calculate the remainder when 7/f*(2 + 4) is divided by b.
1
Let x(g) = -g**3 + 7*g**2 + 5*g - 1. Suppose 2*p = 64 + 4. What is the remainder when x(4) is divided by p?
33
Let p(q) = -15 + q + 2*q - 17 + 21. What is the remainder when 40 is divided by p(11)?
18
Suppose -6*c = 32*c - 4674. Calculate the remainder when c is divided by 31.
30
Let q(g) = 2*g**2 + 43*g - 22. Let s be q(-22). Suppose 3*d = -v + 37, s*v + 25 = 2*d + v. What is the remainder when -2 + 3 + (0 - -45) is divided by d?
10
Let x = -116 + 118. Calculate the remainder when (-28 - 0)*(1 + -2) is divided by (-120)/(-14) + x - (-12)/(-21).
8
Suppose 3*b - 12 + 96 = 0. Let i = -42 - b. Let h = i - -18. Calculate the remainder when 18 is divided by h.
2
Suppose 20*y - 15264 = -4*y. What is the remainder when y is divided by 71?
68
Suppose 108 = 475*y - 463*y. Calculate the remainder when 339 is divided by y.
6
Suppose 10 = -33*r + 35*r. Suppose 20 = 3*b + 2*b, 8 = 4*c - r*b. What is the remainder when 31 is divided by c?
3
Suppose -76 = 49*u - 68*u. Calculate the remainder when 160 is divided by u.
0
Suppose 23*f - 89 - 1360 = 0. Calculate the remainder when f is divided by 62.
1
Suppose -o + 2*x = -795 - 92, 3*o + 3*x = 2634. What is the remainder when o is divided by 49?
48
Suppose -5*m - 5*h = 400, -5*m + 2*h - 6*h = 399. Let q = 123 + m. Calculate the remainder when q is divided by 15.
14
Let i(j) = -j - 31. Let v(t) = 2*t + 61. Let a(g) = -13*i(g) - 6*v(g). Let l = -2389 - -2389. Calculate the remainder when 147 is divided by a(l).
36
Let m(w) = 44*w - 22. Calculate the remainder when m(2) is divided by 2/(-8) - (-137)/4.
32
Suppose 31*n - 120 = n. What is the remainder when 89 is divided by n?
1
Let i be 2/(-10) - (-74)/(-5). Suppose -4*b + 3*b - 5*t = 1, -3*b + 2*t = -48. What is the remainder when ((-234)/i)/((-12)/(-30)) is divided by b?
11
Suppose 6*o - 32 = 4*o. Let m = o - -2. What is the remainder when m is divided by 10?
8
Let h(g) = 26*g**3 - 16*g**2 + 10*g - 15. What is the remainder when h(3) is divided by 3?
0
Let p(s) = 16*s - 2. Suppose -u - 3*t + 5 = -6, 21 = 5*u - 2*t. Suppose -4*x + 49 = u. Calculate the remainder when p(2) is divided by x.
8
Let z = 827 - 512. Calculate the remainder when z is divided by 82.
69
Let i(g) = g**3 + 9*g**2 - 16*g + 23. Calculate the remainder when 344 is divided by i(-9).
10
Let o = 2 - -24. Suppose -10*z + 12*z = o. What is the remainder when 23 is divided by z?
10
Let i = 108 - 254. Calculate the remainder when -1*(i + (4 - 7)) is divided by 38.
35
Let j(x) = -52*x**3 + 2*x**2 + 2*x + 1. Suppose 4*i + 2184 = 18*i. What is the remainder when i is divided by j(-1)?
50
Suppose 99 = -2*v - 69. Calculate the remainder when ((-7)/(v/(-32)))/((-2)/231) is divided by 31.
29
Suppose -3*f = f - 12. Calculate the remainder when f/6 + 222/4 is divided by 76/(-24)*(-6)/1.
18
Suppose -o = 12*o - 117. Calculate the remainder when o is divided by 6.
3
Let g(r) = 6*r + 9*r - 8*r + 15. Calculate the remainder when g(6) is divided by 15.
12
Let w = 375 - 214. What is the remainder w